alculate the remainder when 72977 is divided by 58.
13
What is the remainder when 2084748 is divided by 443?
433
What is the remainder when 132891 is divided by 33164?
235
Calculate the remainder when 1328415 is divided by 1622.
1619
Calculate the remainder when 727531 is divided by 4754.
169
Calculate the remainder when 282163 is divided by 990.
13
Calculate the remainder when 6450657 is divided by 1612662.
9
Calculate the remainder when 3448535 is divided by 3448332.
203
Calculate the remainder when 834574 is divided by 4824.
22
Calculate the remainder when 8449445 is divided by 27.
11
What is the remainder when 62262 is divided by 4142?
132
What is the remainder when 747177 is divided by 408?
129
What is the remainder when 112550 is divided by 1945?
1685
Calculate the remainder when 244881055 is divided by 272.
271
Calculate the remainder when 68499 is divided by 1568.
1075
What is the remainder when 115488 is divided by 16484?
100
What is the remainder when 4863669 is divided by 2831?
11
Calculate the remainder when 2733998 is divided by 500.
498
What is the remainder when 2766143 is divided by 691534?
7
Calculate the remainder when 318334731 is divided by 5673.
9
Calculate the remainder when 5913229 is divided by 1182645.
4
Calculate the remainder when 1544127 is divided by 3525.
177
What is the remainder when 2207584 is divided by 113?
16
Calculate the remainder when 2279241 is divided by 379851.
135
What is the remainder when 870021 is divided by 869992?
29
Calculate the remainder when 2270396 is divided by 119.
114
What is the remainder when 19816761 is divided by 11234?
11219
What is the remainder when 52362 is divided by 2366?
310
Calculate the remainder when 5981948 is divided by 25.
23
Calculate the remainder when 1761282 is divided by 176102.
262
What is the remainder when 12621247 is divided by 679?
674
What is the remainder when 160169 is divided by 2497?
361
Calculate the remainder when 51728491 is divided by 50.
41
Calculate the remainder when 18396834 is divided by 5.
4
Calculate the remainder when 937947 is divided by 133992.
3
Calculate the remainder when 2630636 is divided by 17.
5
What is the remainder when 3520284 is divided by 31431?
12
What is the remainder when 6158805 is divided by 2359?
1815
Calculate the remainder when 2312914 is divided by 2650.
2114
What is the remainder when 1034312 is divided by 474?
44
Calculate the remainder when 4447082 is divided by 32.
10
Calculate the remainder when 1358932533 is divided by 9594.
9591
Calculate the remainder when 81027 is divided by 350.
177
Calculate the remainder when 27033572 is divided by 380.
372
What is the remainder when 6980834 is divided by 129?
128
What is the remainder when 11152015 is divided by 37932?
7
What is the remainder when 2138642 is divided by 314?
302
Calculate the remainder when 1106689 is divided by 220829.
2544
What is the remainder when 76866 is divided by 1222?
1102
What is the remainder when 50356995 is divided by 52896?
3
What is the remainder when 5626425 is divided by 5343?
246
Calculate the remainder when 2340694 is divided by 2340297.
397
What is the remainder when 1713684 is divided by 3071?
66
Calculate the remainder when 3345443 is divided by 3309.
44
What is the remainder when 133037 is divided by 42816?
4589
What is the remainder when 272155 is divided by 84?
79
Calculate the remainder when 778006 is divided by 155554.
236
Calculate the remainder when 1426289 is divided by 32414.
73
What is the remainder when 38982238 is divided by 414?
412
Calculate the remainder when 6253874 is divided by 553.
550
Calculate the remainder when 6981757 is divided by 1071.
979
Calculate the remainder when 1653206 is divided by 18.
14
What is the remainder when 690578 is divided by 202?
142
Calculate the remainder when 551212 is divided by 8889.
94
What is the remainder when 73097 is divided by 14377?
1212
Calculate the remainder when 30318128 is divided by 809.
44
Calculate the remainder when 6289873 is divided by 628977.
103
Calculate the remainder when 27626457 is divided by 575.
7
What is the remainder when 4055193 is divided by 1013798?
1
Calculate the remainder when 4472600 is divided by 50252.
172
What is the remainder when 314650 is divided by 6?
4
Calculate the remainder when 143344735 is divided by 2006.
1993
What is the remainder when 602797912 is divided by 3335?
3332
What is the remainder when 1142567 is divided by 12?
11
Calculate the remainder when 4571101 is divided by 281.
74
Calculate the remainder when 1471815 is divided by 2696.
2495
Calculate the remainder when 2327691 is divided by 110832.
219
Calculate the remainder when 165507 is divided by 15377.
11737
Calculate the remainder when 1188286 is divided by 568.
30
Calculate the remainder when 11583869 is divided by 13612.
57
What is the remainder when 1306447 is divided by 29?
26
What is the remainder when 262491 is divided by 3198?
255
What is the remainder when 13110206 is divided by 1665?
1661
What is the remainder when 3204229 is divided by 141?
4
What is the remainder when 54160 is divided by 2124?
1060
What is the remainder when 23588607 is divided by 30?
27
Calculate the remainder when 23624451 is divided by 4293.
72
Calculate the remainder when 9284590 is divided by 281351.
7
Calculate the remainder when 5261567 is divided by 208.
207
What is the remainder when 75550470 is divided by 91?
86
What is the remainder when 20840 is divided by 62?
8
What is the remainder when 2667503 is divided by 28?
27
Calculate the remainder when 848516 is divided by 7378.
46
Calculate the remainder when 762172 is divided by 152414.
102
What is the remainder when 4727290 is divided by 1575758?
16
Calculate the remainder when 3139959 is divided by 201.
138
Calculate the remainder when 144686 is divided by 6306.
5954
What is the remainder when 3024358 is divided by 16713?
16018
Calculate the remainder when 14565 is divided by 3126.
2061
Calculate the remainder when 316763 is divided by 3167.
63
Calculate the remainder when 301240 is divided by 6147.
37
Calculate the remainder when 8223849 is divided by 3047.
3043
Calculate the remainder when 50161 is divided by 202.
65
Calculate the remainder when 2997108548 is divided by 6575.
6573
Calculate the remainder when 673169 is divided by 168252.
161
What is the remainder when 309778 is divided by 379?
135
Calculate the remainder when 60172009 is divided by 1341.
1339
What is the remainder when 13010973 is divided by 3710?
3
What is the remainder when 59450 is divided by 4091?
2176
What is the remainder when 9872741 is divided by 340436?
97
Calculate the remainder when 1050590 is divided by 2446.
1256
Calculate the remainder when 107838 is divided by 65.
3
Calculate the remainder when 7595104 is divided by 130950.
4
What is the remainder when 145024 is divided by 1172?
868
Calculate the remainder when 2410559 is divided by 602495.
579
Calculate the remainder when 731577 is divided by 2558.
2547
Calculate the remainder when 585578 is divided by 58535.
228
What is the remainder when 30269133 is divided by 6925?
6883
What is the remainder when 951105 is divided by 2072?
57
Calculate the remainder when 891056 is divided by 506.
496
What is the remainder when 85794 is divided by 85575?
219
What is the remainder when 2130016 is divided by 532382?
488
Calculate the remainder when 14372664 is divided by 1596960.
24
Calculate the remainder when 22338994 is divided by 787.
786
What is the remainder when 101545844 is divided by 72?
68
What is the remainder when 1637142 is divided by 5439?
3
Calculate the remainder when 4686405 is divided by 13865.
35
Calculate the remainder when 4380334 is divided by 72.
70
What is the remainder when 165347237 is divided by 1465?
12
Calculate the remainder when 705187 is divided by 490.
77
Calculate the remainder when 1367335 is divided by 455289.
1468
Calculate the remainder when 59675 is divided by 59359.
316
Calculate the remainder when 1056496 is divided by 263863.
1044
Calculate the remainder when 361377 is divided by 5535.
1602
Calculate the remainder when 4313658 is divided by 20.
18
What is the remainder when 58449706 is divided by 76?
6
What is the remainder when 361905 is divided by 39836?
3381
Calculate the remainde